 Let n be z(-5). What is the tens digit of (-6085)/n + 2/(-9)?
3
Suppose 40*k + 6621 - 34541 = 0. What is the hundreds digit of k?
6
Suppose -4*z + 3*w + 2 + 1 = 0, 0 = -5*z - 3*w + 24. Suppose -5*t + 68 = z*q - 118, 2*t = -3*q + 69. What is the tens digit of t?
3
Let a(p) = -p**3 + 4*p**2 + 7*p - 10. Let n be a(5). Suppose 0 = -l - n*l + 59. What is the tens digit of l?
5
Let b = 22 + -18. Suppose 0 = 4*c + b*d - 484, 0*c + 2*d + 496 = 4*c. Let m = -79 + c. What is the units digit of m?
4
Suppose 0 = 2*a - 4*w + 3*w - 5244, -2*w + 10504 = 4*a. What is the hundreds digit of a/12 - (-14)/(-21)?
2
Suppose 9*o - 12*o = -12. Suppose -22 = -p - w + 2, 93 = o*p + 5*w. What is the units digit of p?
7
Let r(d) = 263*d + 1. Let k be r(1). Suppose 3*l + l = k. Let b = l - 42. What is the tens digit of b?
2
Suppose 0 = 2*g - g - o + 2, -5*o + 20 = 0. What is the tens digit of 44 - (2/(-10) - g/(-10))?
4
Let b(o) = 18*o + 45. Let k be b(-3). What is the tens digit of (-789)/(-4) - (27/(-12))/k?
9
Let g(x) = 57*x - 32. What is the units digit of g(3)?
9
Let q = 14 - 20. Let p be (-4 - -3)/(2/q). Suppose 2*z = -p*z + 15. What is the units digit of z?
3
Suppose 55 = 3*d - 2*l + 7*l, 63 = 3*d - 3*l. What is the units digit of d?
0
Let o = -4 - -6. Suppose -o*d = -2*u - 7*d - 77, 3*d = -5*u - 164. Let i = 51 + u. What is the units digit of i?
0
Let z(w) = -w**3 + 23*w**2 + 25*w + 26. Let l be z(24). Suppose 3*b = l - 20. What is the tens digit of b?
1
Suppose -a + 3*r + 449 = 0, a - 4*a + 1332 = -4*r. What is the units digit of a?
0
Let a be 0 + (-75)/(-2)*64/12. Suppose -a = -6*b + 538. What is the units digit of b?
3
Let m = 53 + -36. Let f(d) = 8*d + 7. Let s be f(3). Let x = s - m. What is the tens digit of x?
1
Suppose -3*i + 20 = i - 4*c, -4*i + 3*c = -20. Suppose -i*w = -4*w - 58. What is the units digit of w?
8
Suppose -2*p = 4*w + w + 766, 3*p = 3*w + 447. Let a = -53 - w. What is the tens digit of a?
9
Suppose 3*p - 2*r = 19, 16 = -0*p + 2*p + 2*r. Suppose -59 = -2*m - p. What is the units digit of m?
6
Suppose -f + 36 = 3*f + 5*o, 5*f - 3*o = 8. What is the tens digit of (f + (-14)/4)*132?
6
Suppose -31*x + 1092 = 21*x. What is the units digit of x?
1
Suppose 303*m - 290*m - 50037 = 0. What is the thousands digit of m?
3
Let y(l) = -l**3 + 8*l**2 + 11*l - 5. Let j = 48 + -22. Let b = j - 17. What is the units digit of y(b)?
3
Suppose -55*x = -58*x + 2682. What is the units digit of x?
4
Suppose 2*k = 9*k. Let z(p) = 3*p + 169. What is the units digit of z(k)?
9
Let k = -539 - -588. What is the units digit of k?
9
Let f = 614 + -181. What is the hundreds digit of f?
4
Suppose 5*u = q + 12, 0*u - u + 12 = 3*q. Suppose -u*c = -4 + 22. What is the units digit of (-39)/(-2)*(-8)/c?
6
Let f(z) = -366*z - 25. What is the units digit of f(-2)?
7
Suppose -26*c - 3685 = -31*c. Suppose 177 = -5*v + c. What is the hundreds digit of v?
1
Let s(q) = 6 + 3*q**2 + q**3 - 3 - 3*q + 0. Let t be 282/(-47)*(-1 - 1/(-2)). What is the units digit of s(t)?
8
Let k be 3*(1 + 2/3). Let b be ((-3)/2)/(17/(-578)). Suppose -k*w + b = -2*w. What is the tens digit of w?
1
Let v be (-1)/(4 - 145/35). Suppose -2*h - v*h = -1224. What is the units digit of h?
6
Suppose -3*a + 3011 = 2*z, -5*a - 4*z - z = -5015. What is the thousands digit of a?
1
Suppose -u + 6*u = 80. Let k = 4 + u. What is the tens digit of k?
2
Suppose 2*s - 110 = -4*f, -6*s = -4*f - 4*s + 122. Let o = f + 14. What is the tens digit of o?
4
Let t(c) = 2*c + 10. Let p be t(-4). Suppose 2*i - 168 = -g - 44, 0 = p*g. What is the units digit of i?
2
Suppose -5*i = l - 2603, l - i = 1213 + 1384. What is the units digit of l?
8
Let x(q) = -557*q - 365. What is the tens digit of x(-5)?
2
Suppose -2*y + 41 = u, y - 4 = -0*y + 5*u. Let z = y - 16. Suppose -z*h + 44 = -h. What is the units digit of h?
2
Suppose w = 153 + 100. What is the hundreds digit of w?
2
What is the units digit of (-24)/(-6) + 894/2?
1
Let r(u) = 2*u**2 + 4*u**3 + 2 - 4*u - 6*u**3 + 6*u**3. What is the tens digit of r(4)?
7
Let s(u) = -u**2 - u + 67. Let i be (4 - (5 - 1))/(-1). What is the tens digit of s(i)?
6
Suppose 5*u - 366 - 449 = 0. What is the hundreds digit of u?
1
Let c be -10*(-1 + 2)/(-2). What is the units digit of (c - (-2 + 3)) + 5?
9
What is the hundreds digit of ((-123)/(-82))/((-3)/(-1562))?
7
Suppose 0 = t - 5*u - 467, -22 = -u - 18. What is the hundreds digit of t?
4
Suppose 2*q - k - 596 = 0, 3*q + 287 = 4*q + 5*k. What is the units digit of q?
7
Let k(b) = -2*b**2 + 14*b - 38. Let t be k(11). Let n = -51 - t. What is the units digit of n?
5
What is the tens digit of (1098/8)/((-9)/(-36))?
4
What is the units digit of ((-555)/(-740))/(6/13736)?
7
Let t be (94/6 + 5)*(-42)/(-4). Suppose -12*a - t + 1765 = 0. What is the tens digit of a?
2
Suppose 2*s - m + 16 = 4*m, 3*s + 5*m - 1 = 0. What is the hundreds digit of (-34)/((-46)/14 + (0 - s))?
1
What is the thousands digit of 21107/11 - 4/(-22)?
1
Let r(a) = -79*a - 341. What is the hundreds digit of r(-31)?
1
Let d(a) = -34*a - 2. Suppose v = 6*v - 10. Suppose 1 = v*n + 3. What is the units digit of d(n)?
2
Suppose 0 = 11*r - 3088 - 696. What is the tens digit of r?
4
Let k(q) = -q**3 - 16*q**2 + 4*q + 14. Let f be k(-16). Let h = 9 - f. What is the tens digit of h?
5
Let a(g) = -117*g - 173. What is the tens digit of a(-9)?
8
Let t be (-1)/5 + 27/(-15). Let s be -1*0/t + 2. Suppose 2*p - 76 = -s*p. What is the tens digit of p?
1
Suppose -8*i - 5 = -13*i. Let k = i - -56. What is the units digit of k?
7
Let d be 1/((-5300)/(-2648) - 2). Let k be (-6)/4 + d/4. Suppose 4*q = -0*q + k. What is the units digit of q?
1
Suppose 3*p - 4*y = 6*p - 65, -2 = 2*y. What is the tens digit of p?
2
Let g(t) = -4*t - 44. Suppose 82 = -4*h + l - 4*l, -5*h - 93 = -l. What is the units digit of g(h)?
2
Let j(t) be the first derivative of 3*t**4/4 - 4*t**3/3 + 2*t**2 + 2*t - 1. What is the tens digit of j(2)?
1
Let k(y) = -7*y - 15. Let v be k(-13). Let d = v - 30. What is the units digit of d?
6
Let m(y) = -10*y**3 - 3*y**2 + y + 19. What is the tens digit of m(-3)?
5
Suppose -13*s + 4*p = -9*s - 12324, -2*s = -5*p - 6150. What is the hundreds digit of s?
0
Let f(b) = 2*b - 4. Let x be f(2). Suppose 3*a + 4*i - 28 = x, a = 4*a + 5*i - 29. What is the units digit of a?
8
Suppose 3*v + 4 = 5*v. Suppose -4*t = -8, z + 3*t - 11 = -v. Suppose -4*d = -3*p - 35, 3*d - 29 = -z*p + 8*p. What is the units digit of d?
8
Let c = 413 - 31. What is the hundreds digit of c?
3
Let i(u) = 16*u + 2. Let w be i(2). Let t = -12 - 3. Let q = t + w. What is the tens digit of q?
1
Suppose 20*y - 37686 = 9*y. What is the tens digit of y?
2
Suppose 0 = 5*b - 0*b + 5*w + 5935, 0 = -3*b + 3*w - 3543. What is the tens digit of 0 - (b/(-20))/4*-5?
7
Let k = -87 + 197. What is the hundreds digit of k?
1
Suppose v - 11 = -7. What is the tens digit of 2 - 0 - (-52)/v?
1
Let w = 258 - 87. What is the tens digit of w?
7
Let s be (-60)/(-14) + 4/(-14). Suppose -5*j = -4*l - 133, -5*l + 40 = -0*j + 2*j. Suppose y + s*y + j = 2*i, 2*i - y = 21. What is the tens digit of i?
1
Let w(f) = -2*f - 6. Suppose -19 - 31 = -5*s. Let r be w(s). Let b = r + 40. What is the units digit of b?
4
What is the tens digit of (9 - (-248)/(-24)) + (-523)/(-3)?
7
Let i(r) = 63*r**2 + r + 1. Let k be i(-1). Suppose -3*a = -5*j - 34, 0 = -5*a - j - 4*j + 110. What is the units digit of (-6)/(-7)*k/a?
3
Let d(k) be the third derivative of k**5/60 + k**4/24 - 2*k**3/3 - 2*k**2. Let t be d(0). What is the units digit of t/(-6) + (-1210)/(-30)?
1
Let b(o) = -o**3 - 5*o**2 + 14. Suppose -5*m = -11 + 36. What is the units digit of b(m)?
4
Let m = 2 - 1. Let y be m - 1/(-2)*2. Suppose -2*t - y*t = -120. What is the tens digit of t?
3
What is the hundreds digit of -6 - 935*4/(-4)?
9
Suppose 83*a = -4*a + 215499. What is the tens digit of a?
7
Let g = 1188 + -502. What is the tens digit of g?
8
Let s = 6 + -8. Let f be 118 + (s - -1 - -5). What is the tens digit of (-6)/15 - f/(-5)?
2
Suppose -3*t = -y + 171, 3*y = 6*y + 5*t - 457. What is the units digit of y?
9
Let i(k) = -k**2 - 12*k - 7. Let b be i(-11). Suppose 5*t + 441 = -b*v, -v + 1 + 0 = 0. Let q = t + 159. What is the tens digit of q?
7
Let z(s) = 6*s**3 + 11*s**2 - 4*s - 4. What is the tens digit of 